at is the tens digit of t?
2
Suppose 0*m = 4*m + 20. Let z(d) = -3*d. What is the units digit of z(m)?
5
Let y(g) = -g**2 - 5*g + 8. Let v be y(-6). Suppose 4*z = -2*i - 106, v*i + 3*z = -50 - 53. Let q = i + 81. What is the units digit of q?
4
Let o(s) = -s**2 + 33*s - 3 - 13*s - 1. What is the units digit of o(7)?
7
Let n(y) = -y**3 + y**2 + y - 4. Let w(l) = -l + 2. Let v be w(6). What is the tens digit of n(v)?
7
Let d = 32563 + -46265. What is the tens digit of d/(-143) - 3/((-66)/4)?
9
Suppose -30*j + 103761 = 31*j. What is the units digit of j?
1
Suppose -3*c + 11 = -7. Let p(b) = -b**2 + 7*b - 9. Let d be p(c). What is the units digit of ((-1)/1)/d*27?
9
Let y(f) = 524*f**2 - 7*f - 5. What is the hundreds digit of y(-1)?
5
What is the tens digit of (-21)/((-63)/8268) + -1 + -2?
5
Let u = 894 - 461. What is the hundreds digit of u?
4
Let l = 1025 - -93. What is the thousands digit of l?
1
Let a be 517 - (1 - (-1 + 4)). Suppose -3*s - 4*b = -92 - a, 5*s = 2*b + 1053. What is the hundreds digit of s?
2
Let u(k) = 86*k + 397. What is the units digit of u(7)?
9
Suppose 0 = 5*s - 10, 2*h + 2*h = -s + 2. Suppose -4*r + h*r + 52 = 0. Let l = -10 + r. What is the units digit of l?
3
Suppose 5*z = 8*f - 3*f - 1535, 3*f + 4*z = 893. What is the hundreds digit of f?
3
Let x(s) = 46*s**2 + 5*s + 10. What is the units digit of x(-3)?
9
Let j = 1155 - -1714. What is the tens digit of j?
6
Let o be (-18)/12*(-4)/2. Suppose 40 = -o*k - 14. Let u = k - -56. What is the units digit of u?
8
Let k = 3993 + -1717. What is the thousands digit of k?
2
Let y be 4 - 1/(4/128). What is the units digit of (-1)/((y/(-32))/(-7))?
8
Suppose -12 = -0*h + 3*h, -4*g = 3*h + 168. Let m = g - -84. What is the tens digit of m?
4
What is the tens digit of 13 + 2099 + (-16 - -4)/(-3)?
1
Suppose -9 = 2*n - 5*i, 15 = 2*n + 4*i - i. Suppose t = -n*t. Suppose 0 = -2*s - t*s + 28. What is the units digit of s?
4
Suppose -c = -4*x + 1046, c + 234 = -5*x + 1546. What is the hundreds digit of x?
2
Let d be 3*(-1 - 5/(-3)). Suppose -r + 168 = d*r. Suppose -76 - r = -3*y. What is the units digit of y?
4
Let z = -32 + 47. Suppose r - 4*r = -36. Let f = r + z. What is the tens digit of f?
2
Let r = 138 + -40. Suppose -5*u - 5*t = 25, -4*u - 27 - 3 = -t. What is the tens digit of (r/(-2))/(6 + u)?
4
Let a be 9/(2/(-4) - -2). Let s be (-4)/a*(-210)/10. Let x = s + -6. What is the units digit of x?
8
Let s(i) = -7*i + 7. Let f(a) = -11*a + 2. Let g be f(1). Let o = g - -3. What is the tens digit of s(o)?
4
Suppose l - 4*f - 25 = -2*l, -5*f - 35 = -5*l. Suppose -10*y = -11*y + l. What is the units digit of y?
3
Let l = -32 + 39. Let v(m) be the third derivative of m**5/60 + m**4/24 - m**3/6 - 2*m**2. What is the units digit of v(l)?
5
Let s = 6 + 7. Suppose 6*h - 47 - s = 0. What is the tens digit of h?
1
Suppose 0 = d + 2*d + 9. Let u(b) = b**2 + b + 4. Let o be u(d). Let a = o - 4. What is the units digit of a?
6
Suppose 124 + 296 = 4*w. Let h = w + -19. What is the units digit of ((-1 - 0)*h)/(-2)?
3
Suppose -j - 2*i + 662 = j, -321 = -j - 3*i. Suppose -3*a = -3*w - j, 3*a - 269 = -5*w + 91. What is the units digit of a?
5
Suppose 4*s + 736 = 9*s + 4*j, 0 = 2*s + j - 292. What is the hundreds digit of s?
1
Let v be 1/(-2)*-4 + -1. What is the tens digit of (-6)/(v + -2)*145/10?
8
Let z = 1 - 5. Let d(p) = -p**2 - 4*p. Let q be d(z). Suppose q = -7*y + 8*y - 10. What is the tens digit of y?
1
Let s(c) = 70*c + 89. What is the units digit of s(8)?
9
Let w = 206 + -95. Let y = -75 + w. What is the tens digit of y?
3
Let t(z) be the third derivative of 5*z**4/3 + 2*z**3/3 - 15*z**2. What is the units digit of t(1)?
4
Let q(o) = -o**3 + 13*o**2 - 8*o + 59. What is the units digit of q(12)?
7
Let a(d) = -23 + 59 + d**3 - 23 - 12*d**2 + 7*d. What is the units digit of a(13)?
3
Let v(n) = -n**2 + n + 14. Let q(x) = x**2 + x - 2. Let o be q(-2). Suppose -a - 5*l + 10 = o, -5*a + a + 2*l - 4 = 0. What is the units digit of v(a)?
4
Let z(o) be the third derivative of 3/8*o**4 + 0*o + 0 - 3*o**2 + 2/3*o**3. What is the units digit of z(3)?
1
Let g = 940 - 518. What is the tens digit of g?
2
Let w = -77 - -80. Let r be 1 + 29*(-1 - -2). Suppose w*n = r + 51. What is the tens digit of n?
2
Let c(o) = 2*o**2 - 7 - 15 + 4*o + 7. What is the units digit of c(-7)?
5
Let p(n) be the first derivative of -n**4/4 - n**3/3 + 5*n - 6. Let o be p(0). What is the units digit of o/(3 - 80/28)?
5
Let n(d) = -d**3 - 40*d**2 - 77*d + 90. What is the hundreds digit of n(-39)?
5
Let b = 48 - -175. What is the tens digit of b?
2
Let u(t) = 10*t**2 - 108*t. What is the hundreds digit of u(20)?
8
Suppose 515 = 2*y + 313. What is the units digit of y?
1
Let r be (-24)/(1 + -2) - -1. Suppose -r - 27 = -2*p. What is the units digit of p?
6
Suppose -13*v = -9*v - 24. What is the tens digit of 91 + v/10 + (-24)/15?
9
Suppose 0*c - 6 = -2*c. Suppose 4 = c*x - 86. Suppose -x = -h - 9. What is the tens digit of h?
2
Suppose 0 = -4*s - 3 + 11. Suppose -13 - 37 = -2*a + s*l, -149 = -5*a - 3*l. Suppose 5*p = -k + a, -2*p = -1 - 1. What is the units digit of k?
3
Let f = 345 + 9. What is the tens digit of f?
5
Let c(r) = r**3 + 22*r**2 + 23*r + 36. What is the units digit of c(-20)?
6
Let c(j) = j**2 - 4*j. Let y be c(5). Suppose y*r - 125 = p, r + 2*p - 7 - 18 = 0. Let v = -6 + r. What is the tens digit of v?
1
Let c be ((-3)/2)/((-9)/336). Suppose -3*j - 5*w = -8*j - 110, 0 = 4*j + 4*w + c. What is the units digit of 366/4*(-12)/j?
1
Let w = 571 + -98. What is the tens digit of w?
7
Let j = -13 - -8. Let y = 15 + j. Let d = 42 - y. What is the units digit of d?
2
Let n(z) = -4*z**2 + 10*z + 3. Let i(k) = 3*k**2 - 11*k - 2. Let a(l) = 6*i(l) + 5*n(l). What is the tens digit of a(-7)?
1
What is the thousands digit of 21/14*(7136/6 + 2)?
1
Suppose -6*g + 13770 = 3*g. What is the tens digit of g?
3
Let b(h) = -11*h + 21. Let q(j) = -12*j + 21. Let x(w) = -3*b(w) + 2*q(w). What is the units digit of x(8)?
1
Suppose 30*w - 33284 = 23866. What is the hundreds digit of w?
9
Let l(j) = -5*j + 12 - 3 - 4*j**2 - j**3 - 2*j**2. Let p be l(-5). Suppose 3*y + 5*w = 18, -2*y - 2*w + p = 1. What is the units digit of y?
1
Let c be (0 - (3 + -2))*0. Suppose 4*k + c*k = 0. Suppose -3*r + k*r = -30. What is the tens digit of r?
1
Suppose -2*k = -938 - 206. What is the tens digit of k?
7
Suppose 0 = -p + 71 - 32. Suppose 357 = 3*l + 3*m + p, 4*m = 2*l - 242. What is the hundreds digit of l?
1
Let t be 2/((2/(-7))/(-1)). Let m(k) be the third derivative of -k**5/60 + k**4/3 + 5*k**3/6 + 2*k**2 - 59*k. What is the tens digit of m(t)?
1
Let x be (0/(-2) - 10)*-2. Suppose x = 5*i - 3*i. What is the units digit of i?
0
Suppose 6*y - 280 = -5*g + y, -g - 2*y = -56. Suppose -g = -3*a - a. What is the tens digit of a + ((-1)/(-1) - 0)?
1
Let d = -18 + 3. What is the units digit of 1*(41/1 - (16 + d))?
0
Let w = -772 - -1194. What is the tens digit of w?
2
Let z = 14 - 14. Suppose 90 = -z*d + 5*d. Suppose 7*w - 10*w = -d. What is the units digit of w?
6
Let i = 161 + -341. What is the tens digit of 135/6*i/(-27)?
5
Let k(t) be the third derivative of t**5/60 + 5*t**3/3 - 4*t**2 + 2*t. What is the tens digit of k(-5)?
3
Let u be (-3 + 5)*219/6. Suppose 6*t = f + 3*t - 26, -4*t = 5*f - u. Suppose -6*b + f = -13. What is the units digit of b?
5
Let u be (-10)/(-20) - 34/(-4). Let m = u - 1. Let l(f) = f**2 - 7*f + 8. What is the units digit of l(m)?
6
Let c(z) = -z**2 + 3*z + 18. Let h be c(6). What is the tens digit of (-490 - h)*3*(-10)/75?
9
Let p(m) be the first derivative of 9 + 25/2*m**2 - 3*m. What is the tens digit of p(2)?
4
Suppose -s - 6 = s. Suppose t + 24 - 30 = 0. Let h = t - s. What is the units digit of h?
9
Let n(b) = -5*b - 5. Let s be (-2)/2 + (-52)/4. Let c be n(s). What is the units digit of (-3)/(-1) + -4 + c?
4
Let m(k) = 3 + 37*k**3 + 2*k - 7*k**3 - 1 + 20*k**3. Let d be m(-1). What is the units digit of 9/(-18)*(d - 0)?
5
Let s(x) = -x**2 + 11*x - 10. Let c be s(4). Let a be c/(-4)*-26 - 2. Let q = a + -73. What is the tens digit of q?
4
Suppose 2*n + 2*t = -2*t - 444, 4*n + 855 = 3*t. Let z be 6/(-2) - n/8. Let m = z + 1. What is the units digit of m?
5
Let p(n) = 3*n**3 + n**2 - n + 1. Let m be p(1). Suppose 0 = m*k + 34 - 206. Wh